) - (1 - -1)?
7
(513 - 513) + 11 + 0 + 1
12
3 + 0 - 13 - (-22 - (-3 + -19))
-10
What is 5 + 0 + -10 - (-24 - -34)?
-15
What is the value of (-19 - -2) + 0 - (-1 + -27 + 29)?
-18
Evaluate (12 - (-28 - -10)) + -5 + 3.
28
Calculate (-68 - -74) + -1 + (-6 - 0).
-1
Calculate (-16 - -8) + 3 - -17.
12
Calculate -13 + (-3 - -3) + -7 + 4.
-16
Calculate (-7 - (-6 + 23)) + -1 - (14 - 8).
-31
6 - 1 - (-1 - (7 + -6)) - 1
6
Evaluate -2 - (8 + -10 - 1 - -6).
-5
Calculate -208 - -203 - (-5 + (2 - (1 + 0))).
-1
What is the value of (-2 - -1) + (-5 - -9 - 3)?
0
Calculate (5 + -15 - -1) + (2 - (-6 - -5)).
-6
Evaluate -7 + -7 + 1 + 19 - 4.
2
2 + (-20 - (0 - 5)) - (-6 - -1)
-8
What is the value of (-2 - -3) + 5 - (-14 - -31)?
-11
What is the value of -7 + 1 + -4 + 2 + 14 + -15?
-9
What is the value of 6 + -3 + (5 + 1 - 11)?
-2
(6 - (-5 - -16)) + 9 + 4
8
What is (0 + 16 - 10) + -9 + -3?
-6
Evaluate -3 + 13 + 3 + -15.
-2
4 + 1 + -243 + 252
14
Calculate -12 + (14 + -11 - -4).
-5
Calculate (1 + -11 + 0 - (105 + -107)) + -8.
-16
Calculate (-2 - 52) + (13 - 9) + 0 + 12.
-38
What is 4 + 2 - (26 + -13)?
-7
-5 - ((-8 - -1) + -6) - (1 - -4)
3
Calculate -2 - -21 - (-1356 - -1386).
-11
Evaluate -13 + 11 + -10 + (-12 - -3).
-21
What is -8 + 13 - (29 + -7 + -2)?
-15
Calculate 15 + 3 + 1 + (-26 + 9 - -9).
11
What is -26 - (13 + -6 + 1)?
-34
Evaluate (0 - 4) + 258 + -241.
13
Evaluate (-17 - -23) + 11 + -5 + -11.
1
Calculate -138 + 179 + -48 - (-20 + -1 - 0).
14
What is the value of ((2 - -6) + -12 - -9) + 3?
8
What is the value of (-9 - -4) + (33 - 22)?
6
(-20 - -3) + 15 + -16 + 9 + 28
19
-30 + (-9 - -41) + (-5 - -1)
-2
What is the value of -5 + (-189 - -159) + 21 + -2?
-16
Evaluate 10 + 1 - (-5 - ((-4 - 1) + -2)).
9
Evaluate (17 + (-21 - 2) - (-1 - -6)) + 0.
-11
1 + -6 + 5 + 4 + -2 + -2
0
What is (1 - 1) + (-21 + 0 - -21)?
0
What is 8 + -28 - (14 - 32)?
-2
-12 - (9 + -8) - -25
12
What is -18 - (-45 - (14 - 30))?
11
Calculate 0 - -1 - (0 - (-12 + 16)) - 18.
-13
Evaluate -3 + 2 + -1 - -9 - (40 - 20).
-13
What is the value of -3 + -13 + -10 + 14?
-12
What is 3 + 0 + 10 - -4?
17
Evaluate 24 + -3 - 22 - -16.
15
What is 11 - 22 - 8 - -5?
-14
What is the value of (-22 - -24) + (2 - 15)?
-11
Evaluate 7 + -12 + (-14 - (-32 - 5)).
18
Calculate 2 - (14 - (18 + -33) - -10).
-37
Calculate -1 - -8 - (86 + -75) - 1.
-5
Evaluate 1 + -6 - (531 - 508).
-28
What is 7 + 2 + -1 - (-1160 + 1193)?
-25
What is the value of 3 + (2 - (7 + (-14 - -4))) + -6?
2
Calculate -5 - (4 + (-18 - -1)).
8
What is the value of 20 - (-2 + 2 - -5) - 2?
13
6 + (12 + -44 + 16 - (2 + 0))
-12
104 + -118 + (3 - -4)
-7
3 + 12 + (-67 + 14 - -15)
-23
Evaluate (3 - (-2 - -9)) + (8 - 8).
-4
What is the value of -13 - ((-6 - -4) + 3 - (-2 + 6))?
-10
What is -24 + (-500 + 504 - (0 + (2 - 1)))?
-21
Calculate -5 + -3 - (140 - 135).
-13
What is 0 - 2 - (-150 - -168 - (54 + -3))?
31
Evaluate -25 - (-1 + 8 + -41).
9
-2 + 21 + -1 + -28
-10
What is the value of (0 - (-2 + 4)) + (-1 - 4 - -14)?
7
What is -39 - ((-10 - 11) + 0)?
-18
Evaluate 0 + -5 + -3 + 7 - (20 + -32).
11
Evaluate -7 - -3 - -14 - 8.
2
Evaluate (8 - ((4 - 6) + 8)) + -14.
-12
Evaluate (-19 - -13) + (21 - 2) - (28 - 20).
5
What is the value of 21 + (12 - (-3 + 2)) + -7 + -7?
20
What is the value of 6 + -23 + 5 + 24?
12
What is the value of (-161 - -144) + (0 + -1 - (-3 - -1))?
-16
Calculate 1 - 17 - (-15 - -13).
-14
Calculate -3 - (39 + -6) - -29.
-7
-85 - -93 - (23 - 4)
-11
What is 3 + -16 - (-21 + 7) - (-4 - 9)?
14
What is -252 + 266 - (1 + 0 + 5)?
8
What is the value of 19 + -9 + (4 - -2 - 0)?
16
Calculate -8 + -2 - (-71 - -53).
8
What is the value of -24 - (-7 + -34 + 1)?
16
Calculate (24 - (13 - 14 - -1)) + -2.
22
What is 1680 - 1668 - (37 + -1)?
-24
Evaluate -5 + (4 - 3 - -10) + -2.
4
What is (-3 + 1 - (4 - 3)) + -34 + 34?
-3
What is the value of (11 - -2) + 2 + -24?
-9
Evaluate 0 - 8 - -15 - 1.
6
Calculate 16 - (14 + 23) - -20.
-1
8 + 1 + 13 + (-75 - -35)
-18
What is the value of -40 - (-34 + -10) - 23?
-19
What is (-85 - -63) + -6 + 36?
8
38 - (-36 - -31 - (0 + -14))
29
Calculate -27 + (20 - 13) + 9.
-11
What is the value of 16 + -35 + (28 - 2)?
7
Calculate -12 + (-5 - -20) - -7.
10
Evaluate -2 - (16 - 46) - (1 + (0 - -4)).
23
What is the value of 32 - 42 - (-7 - 29 - (0 - -3))?
29
Evaluate -8 - (11 + 15 + 7 - 15).
-26
-7 + -10 + (7 - -26)
16
What is the value of 4 - (-7 - ((6 - 32) + 7))?
-8
5 + -13 + 5 + (-10 - (-10 - 5))
2
(-16 - -13) + 7 - -10
14
Evaluate (5 - 16) + -50 + 38.
-23
Evaluate 7 + -3 - (10 + -4 + (6 - 7)).
-1
What is the value of -8 - (-16 + 14) - 13 - -2?
-17
Calculate 2 + (-1 - -4) + (-5 + 11 - 0).
11
Evaluate -1 + (-6 - (4 + (9 - 8 - 7))).
-5
Calculate 1 + (-3 - -3) + (-8 - -2).
-5
-14 - (-1 - -1 - (-1 - (32 + -21)))
-26
Calculate (2 - -4) + -17 + -21 + 10.
-22
-33 - (-17 - (28 - 24))
-12
What is -11 - 1 - (-13 + 27) - (-1 - 8)?
-17
What is 30 - (15 - ((3 - -10) + -15))?
13
What is the value of 12 - 0 - (17 - 15)?
10
15 + (8 - 31) - -20
12
(-1 - (-3 + (8 - 4))) + -8
-10
What is 2 - (-5 - -1) - ((16 - 28) + 13)?
5
Calculate (-3 + 17 - 23) + 19 + -1.
9
36 + -19 - (0 - -20)
-3
46 - 42 - (0 + 0) - 11 - -22
15
What is 7 - (0 + 11 - 7 - -13)?
-10
Calculate -13 - (-19 - (-10 - 9)).
-13
(0 - ((-1 - -22) + -25)) + (-1 - -32)
35
What is 25 - (38 - (52 - 30))?
9
What is the value of 24 + (-37 - -3) + -3 + -1?
-14
What is -12 - (21 - (53 + -17))?
3
Evaluate 14 + 8 - 13 - -8.
17
Calculate (-7 - (-1 - -3) - -17) + 3.
11
Evaluate (4 - (-12 - -12)) + 17.
21
What is -1080 + 1108 + -11 + 0?
17
What is the value of -14 + (-7 - (-3 + -5) - -37)?
24
Evaluate 27 + -30 - (-17 + 1).
13
Calculate 0 + -11 + (9 - 10).
-12
194 + -164 + (-7 - 23)
0
What is the value of 20 - (-2 - (-3 - -4)) - (69 + -65)?
19
What is -7 - ((2 - (-9 + 4)) + 3 - 5)?
-12
(-4 + 10 + 1 - 6 - 6) + 4
-1
15 + -12 + (0 - (34 - (-1 - -3)))
-29
What is (-7 - (1 - -1)) + 2 + -5 + -1?
-13
What is 14 + (-9 - -26) + -5?
26
Evaluate 11 - (12 - (-34 - (1 - 0))).
-36
16 + (-57 + 6 - -10)
-25
What is -4 - ((4 - (9 + -19)) + (-10 - -5))?
-13
What is the value of -30 + (73 - 22) + -5?
16
Evaluate -30 + -1 + (-53 - -42) + 18.
-24
What is (-146 - -125) + 1 + 3?
-17
What is -13 + -61 + 14 + 25?
-35
4 - 4 - 6 - -3 - 6
-9
Calculate -4 - -3 - (-10 + 15 + 3).
-9
What is the value of 6 - ((14 - -16) + -11)?
-13
What is the value of -15 + (30 - 11) + 2?
6
What is 41 - (-7 + 27 + 7)?
14
Calculate (-10 - (-1 - (19 - 6))) + 1.
5
What is 11 + (-2 + -6 - -4) + (-54 - -22)?
-25
What is 99 + -127 + 9 + -1?
-20
What is the value of 1 + -15 - (41 + -44 + 6)?
-17
Evaluate (-15 - (-39 + 16)) + (1 - 6) + 2.
5
(-8 - (-8 + 5) - -4) + 0 + 10
9
What is the value of (5 - (9 + -11 + 16)) + 20?
11
Evaluate 20 - 0 - (10 + 14 + -23).
19
What is the value of -5 - -8 - (-2 + 9 + 1)?
-5
(-342 - -370) + -24 + -2
2
What is 13 - -2 - 0 - (360 - 357)?
12
Calculate (-4 + 7 - 0) + -20 + 27.
10
Calculate -26 - (-19 - -2) - -18.
9
Calculate -1 + (-2 - -6) + 20 + -27 + 14.
10
Calculate -23 - -9 - (-51 + 17).
20
What is (-14 - (-4 - 17)) + -1?
6
1 + -2 + -25 + (-12 + 25 - 3)
-16
-14 + (5 - (8 + (13 - 7) + -7))
-16
Evaluate 11 + (-8 - 0) + 1 + -3 + 18.
19
Evaluate (-11 + 8 - -10 - 5) + 10.
12
Evaluate -2 + (-16 - (-6 - 4)) - -9.
1
What is the value of (9 - (-3 - -4 - -6)) + -12?
-10
What is the value of 19 - ((6 - (-6 + 0)) + 3)?
4
What is the value of 14 - (3 - (14 + -13)) - (0 + 5)?
7
-6 - (-24 + (5 + -5 - -6) + -1)
13
What is -14 + (14 - (0 + 8))?
-8
(-14 - -19) + (-7 - -4)
2
Calculate 323 + -314 - (-3 + -1).
13
(26 + -8 - -2) + (-46 - -42)
16
What is -11 - 1 - (298 + -314)?
4
What is 12 - (10 + -1 + 3 + -4)?
4
What is the value of (-99 - 22 - -97) + -1 + (2 - 1)?
-24
What is (-5 + -4 - (-15 + 8)) + -7?
-9
Evaluate -22 - (-11 - (-3 + 37)).
23
Calculate -22 + (-4 - ((0 - 11) + 1)).
-16
Evaluate -17 + (4 - (3 - 14) - 19).
-21
What is the value of -18 - (-10 - (-3 - 0) - (-24 - -24))?
-11
Calculate (-46 - -53) + (-3 - 1 - (8 - 8)).
3
Evaluate 7 + 1 + 6 + -51 + 40 - 10.
-7
-10 + 1 + 3 + -6 + (-5 - -9)
-8
Calculate -18 + 14 + 7 - (-15 - 4).
22
Evaluate -17 + 1 - (-56 + 32 - -26).
-18
What is (10 - 17 - 16) + 8?
-15
What is 15 - (12 - (9 - 8)) - (3 + -5)?
6
Calculate (-3 - -16) + 1 + -5 + 9.
18
Calculate (0 - (6 - (-8 + 15))) + 5.
6
(-27 - -3) + 33 + -22
-